uppose 0 = -3*p + 5*s + 21, 2*p + 4*s = -p - 6. Suppose p*y - 27 = y. What is the remainder when 4 + -47*(-1)/1 is divided by y?
24
Let d be -7 - -6 - 1*2. Calculate the remainder when (4/d)/((-24)/828) is divided by 12.
10
Suppose 2*x = 5*q + 37, -2*x + q + q + 22 = 0. Let k be ((-98)/21)/(4/x). Let m(g) = g**3 + 7*g**2 - g - 3. Calculate the remainder when 9 is divided by m(k).
1
Suppose -5*k + 2*j = -55, -16*k + 15*k = -j - 8. What is the remainder when 141 is divided by k?
11
Suppose 0 = -2*h + v - 28, -2*h + 2*v - 10 = 22. Let r = 52 - 27. What is the remainder when 294*((-64)/h + -5) is divided by r?
23
Suppose -528 - 420 = -6*n. Calculate the remainder when n is divided by 28.
18
Let l = -94 + 100. What is the remainder when (-7 - -19) + (0 - 2) is divided by l?
4
Suppose -8*d + 40 + 24 = 0. Suppose -3*q + 456 = -4*a, -d*a = -4*q - 10*a + 608. Calculate the remainder when q is divided by 31.
28
Let z = 2623 + -2564. Calculate the remainder when 766 is divided by z.
58
Suppose 16*j = 292 + 220. What is the remainder when 106 is divided by j?
10
Suppose 9*o - 12 - 69 = 0. Suppose o*l + 5*l - 1204 = 0. Calculate the remainder when l is divided by 18.
14
What is the remainder when (-15 + 637)*3/6 is divided by 13?
12
Suppose 3*z - 3*o - 75 = 0, 2*z + 0*o - 30 = -3*o. Let q(i) = -10*i + 1. Calculate the remainder when q(-6) is divided by z.
19
Let b(q) = -q**2 + 12*q + 9. Let u be b(10). Let d = 54 + u. Suppose 4*z = 2*p + 2*p + 100, 109 = 5*z - p. Calculate the remainder when d is divided by z.
20
Let h(o) = 6*o**3 + 89*o**2 - 21*o - 42. Calculate the remainder when 813 is divided by h(-15).
45
Let k(z) = -z**2 + 12*z + 2. Suppose -4*y = -46 + 2. Suppose 4*t - 96 = -0*t. Calculate the remainder when t is divided by k(y).
11
Suppose -108 = 5*i + 2*c - 309, -5*i = -3*c - 211. Let n = -4696 + 4718. What is the remainder when i is divided by n?
19
Suppose 3*w = 4*w - r - 2, -4*w = -5*r - 5. Suppose w*h + p - 20 - 10 = 0, 0 = h + 5*p - 30. What is the remainder when h is divided by 3?
2
Suppose 555 = 7*i - 390. Suppose -5*v = -2*q + 51, 0*q - 113 = -4*q - v. What is the remainder when i is divided by q?
23
Let l(o) = -30*o + 3*o**2 + 3*o**2 + 33*o + 1. What is the remainder when 7 is divided by l(-1)?
3
Let o(h) = -h. Let b(m) = m**3 - 2*m. Let d be b(-2). Suppose 0 = x + 18*f - 22*f - 6, 8 = 3*x - 2*f. What is the remainder when o(d) is divided by x?
0
Suppose -11 - 1 = 3*w. What is the remainder when w/10 - (-177)/5 is divided by -24*(2/(-4))/(9/9)?
11
Let x(o) = o**3 + 33*o**2 + 37*o + 170. What is the remainder when 16 is divided by x(-32)?
6
Let t(h) = 9*h - 90. What is the remainder when t(18) is divided by 26?
20
Calculate the remainder when (-5)/55 - 5/((-55)/21308) is divided by 38.
37
Let d = 6 - -12. Suppose -2*c + 4*c = d. Calculate the remainder when 15 is divided by c.
6
Suppose -3*m + 14*x - 11*x + 54 = 0, -5*m + 86 = -x. Let b = -4 - -3. Let f = 2 - b. What is the remainder when m is divided by f?
2
What is the remainder when 59 is divided by (-14)/(-98) - ((-20)/7 + -2)?
4
Let l = 16 - 10. Let z = l - 3. Let o = 17 - z. What is the remainder when 26 is divided by o?
12
Let v = -2596 + 2770. What is the remainder when v is divided by 172?
2
Let h(n) = -2*n + 42. Let f(i) = 9*i - 1. Let l be f(2). Calculate the remainder when 29 is divided by h(l).
5
Let w(u) = -u + 12. What is the remainder when (14 - -10) + (1 - 11)*1 is divided by w(6)?
2
Suppose -d - 1 = 4. Let m be 6/(-15) - (-28)/d. Calculate the remainder when m/15 - 387/(-5) is divided by 26.
25
Let m = -23 + 53. What is the remainder when 116 is divided by m?
26
Suppose -15*m - 45 = -18*m. Suppose 7*j - 8*j + 27 = 0. What is the remainder when j is divided by m?
12
Suppose -54*n + 140 = -49*n. Calculate the remainder when (-328)/(-6)*24/16 is divided by n.
26
Let s(t) = -t**2 - 44*t + 153. What is the remainder when 275 is divided by s(-47)?
11
Let u(k) = k + 9. Let a be u(6). Suppose -3*g - a = -45. What is the remainder when ((-102)/(-12))/((-1)/(-2)) is divided by g?
7
Let x = 837 + -611. Calculate the remainder when x is divided by 23.
19
Let o(m) = 3*m - 9. Let g be o(13). Suppose -3*h - 2*h + g = 0. What is the remainder when 850/(-15)*h/(-4) is divided by 22?
19
Suppose 2*f + 4 = 4*f. Suppose -3*m = -5*g + 72, 5*m + 55 = 2*g + f*g. What is the remainder when 27 is divided by g?
12
Let d = -70 - -72. Let g(x) = 3*x**2 + 6*x + 1. What is the remainder when (d/8*6)/((-1)/(-48)) is divided by g(-4)?
22
Let m(f) be the second derivative of f**5/10 - f**4/2 + f**3/3 - f**2/2 + 2*f. Let z(u) = 5*u + 64. Calculate the remainder when m(4) is divided by z(-10).
11
Suppose j = -5*j + 30. Suppose g + 0*k + 121 = j*k, 5*k = -20. What is the remainder when g/(-15) + (-2)/5 is divided by 6?
3
Suppose 280*g = 285*g + 35. What is the remainder when (-4)/(-6) + (-91)/(-3) is divided by ((-8)/(-10))/(g/(-105))?
7
Let o = -75 + 41. Let b = o - -46. Calculate the remainder when b is divided by (0 - -3) + (-1 - -3).
2
Calculate the remainder when (779/95 - 6)*(1 + 4) is divided by 4.
3
Let r = 86 - 154. Suppose -3*a = -5*w + 30, -11 = -2*w + 4*a - 3*a. What is the remainder when r/(-6) - (-2)/w is divided by 7?
5
Suppose -t = 2*k + 7, 3*k + 4 = -3*t + 1. Let b be 0 + -8*3/k. Suppose -5*d + 162 = -q, -2*d + 153 = 3*d - b*q. What is the remainder when 98 is divided by d?
32
Suppose -3*h = -4*p - 514, 3*h + 7*p - 12*p - 512 = 0. Calculate the remainder when h is divided by 44.
42
Suppose 3*w - 4*c - 101 = 0, -9*c + 139 = 4*w - 10*c. Calculate the remainder when 383 is divided by w.
33
Let f be -42*(-4)/6*2. What is the remainder when (1 + 20/(-28))*f is divided by 6?
4
Let n(g) be the third derivative of 3*g**4/4 - 5*g**3/3 - 44*g**2. Calculate the remainder when n(9) is divided by 51.
50
Suppose 0 = -3*g - 18 + 93. Calculate the remainder when 373 is divided by g.
23
Let d = 948 + -945. Calculate the remainder when 10 is divided by d.
1
Let l(q) = q**3 - 14*q**2 + 11*q + 41. What is the remainder when 134 is divided by l(13)?
14
What is the remainder when 20 - ((-9)/4 - 6/8) is divided by 6?
5
Suppose 4*j - j = 3*h - 36, 2*h + 4*j = 48. Suppose 0 = -6*g + 8*g - h. Suppose 152 = 4*a - d, d + 76 = 2*a + 2*d. What is the remainder when a is divided by g?
6
Let z(o) = 38*o + 9. Suppose 53 = 2*v + 5*d - 3, 0 = -2*v + d + 68. What is the remainder when v is divided by z(0)?
6
Let f(s) = -s**3 - 8*s**2 - 3*s - 2. Let p be f(-8). Let g = p + -12. What is the remainder when 1980/90*7/2 is divided by g?
7
Let l = 16 + -13. Suppose 0 = -5*y + l*k + 122, -2*k = 4*y + k - 103. Let n = -7 + y. What is the remainder when 52 is divided by n?
16
Let n(i) = -i**3 - 4*i**2 + 2*i - 6. Let j(l) = l**3 + 2*l - 5. Let o be j(0). What is the remainder when n(o) is divided by 2?
1
Let y be (-1 - -10)*(-3 + 4). Suppose 0 = 3*z - 24 - y. Calculate the remainder when 41 is divided by z.
8
Let u be 0 + 1 + 2 + 0 + 137. Let w = u - 77. What is the remainder when w is divided by 22?
19
Let a(z) = z**2 - 2*z - 3. Let q be a(3). Suppose 2*t - 14 = -2*k - 3*t, -4*t = q. Calculate the remainder when 12 is divided by k.
5
Let m(g) = g**2 + 13*g - 20. Calculate the remainder when m(-17) is divided by 26.
22
Suppose -39*i + 5667 = 2157. Calculate the remainder when i is divided by 65.
25
Suppose -5*w + b + 32 = -96, 0 = w - 5*b - 40. Suppose 4*c = 4*l + 60, 4*l - w = -l. What is the remainder when c is divided by 7?
6
Suppose 0 = s + 4*h - 25, -s + 0*s + 5*h = 20. Suppose 0 = 74*d - 78*d + 176. Calculate the remainder when d is divided by s.
4
Let b = 6 + -3. Suppose -2*k - 115 = -4*o + 23, o = -4*k + 12. Suppose 4*y = -b*s - s, -4*s + 4*y = -o. Calculate the remainder when s is divided by 3.
1
Let g be ((-45)/(-25))/((-1)/5) + 4. Calculate the remainder when 41 is divided by 18 + g - -5 - -3.
20
Let g = 4 - 1. Suppose 5*m + 2*f - 70 = -2*f, g*m - 5*f - 79 = 0. Let p(r) = -r**2 + r + 52. What is the remainder when m is divided by p(-6)?
8
Suppose 1221 = 14*r + 647. Suppose -3*y + 34 + 8 = 0. Calculate the remainder when r is divided by y.
13
Let w = -276 + 392. Suppose -5*a = -a. Suppose -4*c = -a*c - w. What is the remainder when 84 is divided by c?
26
Let g(c) = -2*c**2 + 9*c + 48. Let k be g(11). Let v = 141 + k. What